{"id":14,"date":"2020-10-30T10:57:17","date_gmt":"2020-10-30T10:57:17","guid":{"rendered":"https:\/\/folkestyret.dk\/danmark\/?page_id=14"},"modified":"2025-10-02T08:32:09","modified_gmt":"2025-10-02T08:32:09","slug":"hjem","status":"publish","type":"page","link":"https:\/\/folkestyret.dk\/danmark\/","title":{"rendered":"Velkommen til&#8230;"},"content":{"rendered":"\n<p><strong>Folkestyret.dk<\/strong> er <strong>Danske Borgeres Folkebev\u00e6gelse for Frihed, Lighed og for Broderskab<\/strong>, hvor vi s\u00e6tter <strong>Befolkningen i Centrum<\/strong> af landets vigtige beslutninger der tages af v\u00e6lgerne i Folkestyret for Danmarks Direkte Demokrati.<br><br><strong>Folkestyret.dk<\/strong> har et tv\u00e6rpolitisk fokus hvor vi g\u00e5r efter <strong>sund fornuft<\/strong>, <strong>rettidig omhu<\/strong> og ikke mindst <strong>frihed under ansvar.<\/strong> Dette for at skabe en sund og gunstig platform med realistiske forhold, vilk\u00e5r og betingelser for vores private erhvervsliv, s\u00e5ledes at de kan v\u00e6re med til at sikre fortsat finansiering af et velfungerende offentligt f\u00e6lleskab, system og samfund, for alle borgere s\u00e5vel offentlige som private ansatte og dette p\u00e5 tv\u00e6rs af k\u00f8n, alder, race, kultur, etnicitet, uddannelsesm\u00e6ssig og faglig bagrund.<br><br><strong>Folkestyret.dk<\/strong> er et <strong>Direkte Demokrati <\/strong>hvor v\u00e6sentlige beslutninger, der direkte vil p\u00e5virke og vedr\u00f8re os som individer og almindelige borgere i lokalomr\u00e5det s\u00e5vel som p\u00e5 landsplan, vil blive sendt til demokratisk afstemning i kommunalt eller nationalt regi, eller s\u00e5gar ud i de enkelte lokalr\u00e5d, borgerforeninger m.v., hvor det reelle liv leves og hvor lokalsamfundets f\u00e6lles regler skal g\u00e6lde.<\/p>\n\n\n\n<p>Velkommen til&#8230;<br><br><strong>Folkestyret.dk<\/strong><\/p>\n\n\n\n<p><br><br><\/p>\n\n\n\n<p><\/p>\n\n\n\n<p><\/p>\n\n\n\n<p> <br><\/p>\n","protected":false},"excerpt":{"rendered":"<p>Folkestyret.dk er Danske Borgeres Folkebev\u00e6gelse for Frihed, Lighed og for Broderskab, hvor vi s\u00e6tter Befolkningen i Centrum af landets vigtige beslutninger der tages af v\u00e6lgerne i Folkestyret for Danmarks Direkte Demokrati. Folkestyret.dk har et tv\u00e6rpolitisk fokus hvor vi g\u00e5r efter sund fornuft, rettidig omhu og ikke mindst frihed under ansvar. Dette for at skabe en &hellip; <\/p>\n<p class=\"link-more\"><a href=\"https:\/\/folkestyret.dk\/danmark\/\" class=\"more-link\">L\u00e6s videre<span class=\"screen-reader-text\"> &#8220;Velkommen til&#8230;&#8221;<\/span><\/a><\/p>\n","protected":false},"author":1,"featured_media":0,"parent":0,"menu_order":0,"comment_status":"closed","ping_status":"closed","template":"","meta":{"footnotes":""},"class_list":["post-14","page","type-page","status-publish","hentry"],"_links":{"self":[{"href":"https:\/\/folkestyret.dk\/danmark\/wp-json\/wp\/v2\/pages\/14","targetHints":{"allow":["GET"]}}],"collection":[{"href":"https:\/\/folkestyret.dk\/danmark\/wp-json\/wp\/v2\/pages"}],"about":[{"href":"https:\/\/folkestyret.dk\/danmark\/wp-json\/wp\/v2\/types\/page"}],"author":[{"embeddable":true,"href":"https:\/\/folkestyret.dk\/danmark\/wp-json\/wp\/v2\/users\/1"}],"replies":[{"embeddable":true,"href":"https:\/\/folkestyret.dk\/danmark\/wp-json\/wp\/v2\/comments?post=14"}],"version-history":[{"count":12,"href":"https:\/\/folkestyret.dk\/danmark\/wp-json\/wp\/v2\/pages\/14\/revisions"}],"predecessor-version":[{"id":208,"href":"https:\/\/folkestyret.dk\/danmark\/wp-json\/wp\/v2\/pages\/14\/revisions\/208"}],"wp:attachment":[{"href":"https:\/\/folkestyret.dk\/danmark\/wp-json\/wp\/v2\/media?parent=14"}],"curies":[{"name":"wp","href":"https:\/\/api.w.org\/{rel}","templated":true}]}}