{"id":170,"date":"2025-01-03T08:05:58","date_gmt":"2025-01-03T08:05:58","guid":{"rendered":"https:\/\/folkestyret.dk\/danmark\/?page_id=170"},"modified":"2025-10-02T09:19:48","modified_gmt":"2025-10-02T09:19:48","slug":"klima-miljoe-og-natur-i-gribskov-%f0%9f%8c%bb","status":"publish","type":"page","link":"https:\/\/folkestyret.dk\/danmark\/klima-miljoe-og-natur-i-gribskov-%f0%9f%8c%bb\/","title":{"rendered":"Klima, Milj\u00f8 &amp; Natur-Lig-Vis Direkte Borger Demokrati \ud83c\udf3b"},"content":{"rendered":"\n<p>Denne side er tilegnet kommunalvalget i Gribskov kommune anno 2025 hvor Gert Lassen fra \u00d8rby v\/Helsinge opstiller som kandidat til valget.<\/p>\n\n\n\n<p>#KV25 #GRIBSKOV #KOMMUNALVALG<\/p>\n\n\n\n<p>Folkestyret.dk forts\u00e6tter sit utr\u00e6ttelige arbejde fra #KV21 (Klimapartiet i Gribskov) for at sikre bedre livsvilk\u00e5r og livskvalitet for s\u00e5vel mennesker som for dyr og planter til lands, til vands og i luften.<\/p>\n\n\n\n<p>F\u00f8lg med i dialogen og i arbejdet og deltag gerne i at sikre en bedre hverdag og verden for nutidens og kommende generationer af mennesker, dyr og planter i Gribskov Kommune, i Danmark s\u00e5vel som p\u00e5 hele kloden\ud83c\udf3b<\/p>\n\n\n\n<p>Klima, Milj\u00f8, Natur &amp; Direkte Borger Demokrati I Gribskov Kommune #KV25<\/p>\n\n\n\n<p>Rent mel i posen, Rent vand i hanen, s\u00e6t Folketyret.dk p\u00e5 Gribskov banen.<\/p>\n\n\n\n<p>Gert Lassen, Byr\u00e5dskandidat i Gribskov Kommune <\/p>\n\n\n\n<p>FOLKESTYRET.DK \ud83c\udf3b <br>KLIMA, MILJ\u00d8 &amp; NATUR-LIG-VIS DIREKTE BORGER DEMOKRATI<\/p>\n\n\n\n<p>Gert Lassen #KV25 #KANDIDAT #GRIBSKOV<\/p>\n\n\n\n<p><\/p>\n","protected":false},"excerpt":{"rendered":"<p>Denne side er tilegnet kommunalvalget i Gribskov kommune anno 2025 hvor Gert Lassen fra \u00d8rby v\/Helsinge opstiller som kandidat til valget. #KV25 #GRIBSKOV #KOMMUNALVALG Folkestyret.dk forts\u00e6tter sit utr\u00e6ttelige arbejde fra #KV21 (Klimapartiet i Gribskov) for at sikre bedre livsvilk\u00e5r og livskvalitet for s\u00e5vel mennesker som for dyr og planter til lands, til vands og i &hellip; <\/p>\n<p class=\"link-more\"><a href=\"https:\/\/folkestyret.dk\/danmark\/klima-miljoe-og-natur-i-gribskov-%f0%9f%8c%bb\/\" class=\"more-link\">L\u00e6s videre<span class=\"screen-reader-text\"> &#8220;Klima, Milj\u00f8 &amp; Natur-Lig-Vis Direkte Borger Demokrati \ud83c\udf3b&#8221;<\/span><\/a><\/p>\n","protected":false},"author":2,"featured_media":39,"parent":0,"menu_order":0,"comment_status":"open","ping_status":"closed","template":"","meta":{"footnotes":""},"class_list":["post-170","page","type-page","status-publish","has-post-thumbnail","hentry"],"_links":{"self":[{"href":"https:\/\/folkestyret.dk\/danmark\/wp-json\/wp\/v2\/pages\/170","targetHints":{"allow":["GET"]}}],"collection":[{"href":"https:\/\/folkestyret.dk\/danmark\/wp-json\/wp\/v2\/pages"}],"about":[{"href":"https:\/\/folkestyret.dk\/danmark\/wp-json\/wp\/v2\/types\/page"}],"author":[{"embeddable":true,"href":"https:\/\/folkestyret.dk\/danmark\/wp-json\/wp\/v2\/users\/2"}],"replies":[{"embeddable":true,"href":"https:\/\/folkestyret.dk\/danmark\/wp-json\/wp\/v2\/comments?post=170"}],"version-history":[{"count":8,"href":"https:\/\/folkestyret.dk\/danmark\/wp-json\/wp\/v2\/pages\/170\/revisions"}],"predecessor-version":[{"id":214,"href":"https:\/\/folkestyret.dk\/danmark\/wp-json\/wp\/v2\/pages\/170\/revisions\/214"}],"wp:featuredmedia":[{"embeddable":true,"href":"https:\/\/folkestyret.dk\/danmark\/wp-json\/wp\/v2\/media\/39"}],"wp:attachment":[{"href":"https:\/\/folkestyret.dk\/danmark\/wp-json\/wp\/v2\/media?parent=170"}],"curies":[{"name":"wp","href":"https:\/\/api.w.org\/{rel}","templated":true}]}}