{"id":80,"date":"2020-11-06T10:45:34","date_gmt":"2020-11-06T10:45:34","guid":{"rendered":"https:\/\/folkestyret.dk\/danmark\/?page_id=80"},"modified":"2026-02-26T17:56:21","modified_gmt":"2026-02-26T17:56:21","slug":"direkte-demokrati","status":"publish","type":"page","link":"https:\/\/folkestyret.dk\/danmark\/direkte-demokrati\/","title":{"rendered":"Direkte Demokrati"},"content":{"rendered":"\n<p><strong>Direkte demokrati<\/strong>&nbsp;er, hvor hele befolkningen kommer til orde, s\u00e5ledes at alle har indflydelse p\u00e5 den endelige afg\u00f8relse.<\/p>\n\n\n\n<p>Vores nuv\u00e6rende demokratiform i det vestlige samfund kaldes&nbsp;<a href=\"https:\/\/da.wikipedia.org\/wiki\/Repr%C3%A6sentativt_demokrati\">repr\u00e6sentativt demokrati<\/a>, da befolkningens interesserer fors\u00f8ges spejles (re-pr\u00e6senteres) gennem folkeafstemninger om valg af professionelle parlamentariske politikere (repr\u00e6sentanter).<\/p>\n\n\n\n<p>En m\u00e5de at kunne organisere et eventuelt direkte demokrati p\u00e5 er ved at tage&nbsp;<a href=\"https:\/\/da.wikipedia.org\/wiki\/Decentralisering\">decentrale<\/a>&nbsp;beslutninger fx i form af sm\u00e5&nbsp;<a href=\"https:\/\/da.wikipedia.org\/wiki\/Kommuner\">kommuner<\/a>&nbsp;og landsbysamfund som kollektivt bestemmer og sender en repr\u00e6sentant med bundet mandat (til forskel fra det repr\u00e6sentative demokrati) fra lokalsamfundet til en st\u00f8rre&nbsp;<a href=\"https:\/\/da.wikipedia.org\/wiki\/Konference\">konference<\/a>&nbsp;p\u00e5 nationalt eller internationalt plan. Ideen om direkte demokrati har stor forbindelse til den&nbsp;<a href=\"https:\/\/da.wikipedia.org\/wiki\/Anarkisme\">anarkistiske<\/a>&nbsp;ideologi, og er ofte den form for demokrati der finder sted i&nbsp;<a href=\"https:\/\/da.wikipedia.org\/wiki\/Anarkisme\">anarkistiske<\/a>&nbsp;f\u00e6llesskaber.<br><br>Kilde: https:\/\/da.wikipedia.org\/wiki\/Direkte_demokrati<br><br><\/p>\n","protected":false},"excerpt":{"rendered":"<p>Direkte demokrati&nbsp;er, hvor hele befolkningen kommer til orde, s\u00e5ledes at alle har indflydelse p\u00e5 den endelige afg\u00f8relse. Vores nuv\u00e6rende demokratiform i det vestlige samfund kaldes&nbsp;repr\u00e6sentativt demokrati, da befolkningens interesserer fors\u00f8ges spejles (re-pr\u00e6senteres) gennem folkeafstemninger om valg af professionelle parlamentariske politikere (repr\u00e6sentanter). En m\u00e5de at kunne organisere et eventuelt direkte demokrati p\u00e5 er ved at tage&nbsp;decentrale&nbsp;beslutninger &hellip; <\/p>\n<p class=\"link-more\"><a href=\"https:\/\/folkestyret.dk\/danmark\/direkte-demokrati\/\" class=\"more-link\">L\u00e6s videre<span class=\"screen-reader-text\"> &#8220;Direkte Demokrati&#8221;<\/span><\/a><\/p>\n","protected":false},"author":1,"featured_media":0,"parent":0,"menu_order":0,"comment_status":"closed","ping_status":"closed","template":"","meta":{"footnotes":""},"class_list":["post-80","page","type-page","status-publish","hentry"],"_links":{"self":[{"href":"https:\/\/folkestyret.dk\/danmark\/wp-json\/wp\/v2\/pages\/80","targetHints":{"allow":["GET"]}}],"collection":[{"href":"https:\/\/folkestyret.dk\/danmark\/wp-json\/wp\/v2\/pages"}],"about":[{"href":"https:\/\/folkestyret.dk\/danmark\/wp-json\/wp\/v2\/types\/page"}],"author":[{"embeddable":true,"href":"https:\/\/folkestyret.dk\/danmark\/wp-json\/wp\/v2\/users\/1"}],"replies":[{"embeddable":true,"href":"https:\/\/folkestyret.dk\/danmark\/wp-json\/wp\/v2\/comments?post=80"}],"version-history":[{"count":2,"href":"https:\/\/folkestyret.dk\/danmark\/wp-json\/wp\/v2\/pages\/80\/revisions"}],"predecessor-version":[{"id":92,"href":"https:\/\/folkestyret.dk\/danmark\/wp-json\/wp\/v2\/pages\/80\/revisions\/92"}],"wp:attachment":[{"href":"https:\/\/folkestyret.dk\/danmark\/wp-json\/wp\/v2\/media?parent=80"}],"curies":[{"name":"wp","href":"https:\/\/api.w.org\/{rel}","templated":true}]}}